s digit of 189?
1
What is the units digit of 531?
1
What is the units digit of 11915?
5
What is the hundreds digit of 1223?
2
What is the hundreds digit of 2965?
9
What is the hundreds digit of 8034?
0
What is the tens digit of 10209?
0
What is the tens digit of 2166?
6
What is the units digit of 48?
8
What is the tens digit of 67?
6
What is the ten thousands digit of 22832?
2
What is the tens digit of 2787?
8
What is the hundreds digit of 19655?
6
What is the tens digit of 124273?
7
What is the units digit of 465?
5
What is the tens digit of 516?
1
What is the hundreds digit of 29555?
5
What is the thousands digit of 10296?
0
What is the hundreds digit of 8328?
3
What is the thousands digit of 96130?
6
What is the ten thousands digit of 121844?
2
What is the units digit of 3741?
1
What is the tens digit of 1840?
4
What is the hundreds digit of 24828?
8
What is the ten thousands digit of 15947?
1
What is the thousands digit of 114151?
4
What is the tens digit of 17?
1
What is the thousands digit of 1110?
1
What is the hundreds digit of 4700?
7
What is the tens digit of 749?
4
What is the hundreds digit of 8680?
6
What is the tens digit of 37334?
3
What is the tens digit of 2012?
1
What is the tens digit of 3868?
6
What is the tens digit of 468?
6
What is the hundreds digit of 1170?
1
What is the units digit of 6564?
4
What is the hundreds digit of 47651?
6
What is the hundreds digit of 10229?
2
What is the units digit of 1878?
8
What is the ten thousands digit of 64586?
6
What is the units digit of 3598?
8
What is the tens digit of 750?
5
What is the hundreds digit of 702?
7
What is the tens digit of 22608?
0
What is the thousands digit of 78529?
8
What is the thousands digit of 6794?
6
What is the thousands digit of 3741?
3
What is the hundreds digit of 38374?
3
What is the thousands digit of 1710?
1
What is the units digit of 2257?
7
What is the tens digit of 9061?
6
What is the hundreds digit of 6605?
6
What is the hundreds digit of 4406?
4
What is the hundreds digit of 5096?
0
What is the tens digit of 523?
2
What is the thousands digit of 43632?
3
What is the tens digit of 674?
7
What is the tens digit of 491?
9
What is the units digit of 1035?
5
What is the units digit of 59789?
9
What is the ten thousands digit of 26691?
2
What is the thousands digit of 1358?
1
What is the tens digit of 2242?
4
What is the tens digit of 4688?
8
What is the hundreds digit of 688?
6
What is the hundreds digit of 1746?
7
What is the tens digit of 1176?
7
What is the thousands digit of 69104?
9
What is the thousands digit of 1911?
1
What is the units digit of 45047?
7
What is the hundreds digit of 22418?
4
What is the hundreds digit of 518?
5
What is the tens digit of 1319?
1
What is the hundreds digit of 938?
9
What is the hundreds digit of 1130?
1
What is the tens digit of 202?
0
What is the tens digit of 93636?
3
What is the units digit of 1283?
3
What is the ten thousands digit of 10048?
1
What is the thousands digit of 3057?
3
What is the ten thousands digit of 22631?
2
What is the hundreds digit of 84944?
9
What is the thousands digit of 14037?
4
What is the hundreds digit of 21866?
8
What is the tens digit of 45572?
7
What is the units digit of 1152?
2
What is the thousands digit of 6175?
6
What is the hundreds digit of 52719?
7
What is the hundreds digit of 6606?
6
What is the units digit of 671?
1
What is the thousands digit of 4265?
4
What is the units digit of 174106?
6
What is the tens digit of 51021?
2
What is the units digit of 8640?
0
What is the units digit of 645?
5
What is the hundreds digit of 12407?
4
What is the tens digit of 679?
7
What is the thousands digit of 4316?
4
What is the units digit of 608?
8
What is the hundreds digit of 52525?
5
What is the ten thousands digit of 22129?
2
What is the hundreds digit of 3619?
6
What is the hundreds digit of 1913?
9
What is the units digit of 648?
8
What is the units digit of 51?
1
What is the tens digit of 4367?
6
What is the thousands digit of 135910?
5
What is the hundreds digit of 6809?
8
What is the units digit of 4094?
4
What is the units digit of 1394?
4
What is the tens digit of 672?
7
What is the tens digit of 537?
3
What is the tens digit of 7312?
1
What is the thousands digit of 53489?
3
What is the units digit of 2238?
8
What is the tens digit of 9103?
0
What is the units digit of 888?
8
What is the thousands digit of 2698?
2
What is the units digit of 12232?
2
What is the ten thousands digit of 114461?
1
What is the hundreds digit of 3766?
7
What is the units digit of 10198?
8
What is the tens digit of 6379?
7
What is the tens digit of 782?
8
What is the units digit of 20389?
9
What is the tens digit of 97?
9
What is the units digit of 38065?
5
What is the hundreds digit of 675?
6
What is the tens digit of 3739?
3
What is the hundreds digit of 5823?
8
What is the hundreds digit of 26001?
0
What is the hundreds digit of 894?
8
What is the hundreds digit of 1226?
2
What is the thousands digit of 1585?
1
What is the units digit of 8874?
4
What is the thousands digit of 87487?
7
What is the tens digit of 2142?
4
What is the thousands digit of 45867?
5
What is the tens digit of 1955?
5
What is the thousands digit of 1640?
1
What is the units digit of 35269?
9
What is the tens digit of 46113?
1
What is the ten thousands digit of 11242?
1
What is the ten thousands digit of 11233?
1
What is the units digit of 662?
2
What is the ten thousands digit of 22781?
2
What is the hundreds digit of 1563?
5
What is the units digit of 651?
1
What is the hundreds digit of 25442?
4
What is the thousands digit of 2771?
2
What is the ten thousands digit of 17013?
1
What is the tens digit of 95964?
6
What is the units digit of 18513?
3
What is the tens digit of 1762?
6
What is the thousands digit of 91840?
1
What is the units digit of 40405?
5
What is the tens digit of 4856?
5
What is the hundreds digit of 11008?
0
What is the units digit of 2256?
6
What is the hundreds digit of 2154?
1
What is the tens digit of 704?
0
What is the tens digit of 25079?
7
What is the units digit of 2523?
3
What is the hundreds digit of 1802?
8
What is the thousands digit of 1705?
1
What is the tens digit of 592?
9
What is the hundreds digit of 35177?
1
What is the tens digit of 2509?
0
What is the thousands digit of 1438?
1
What is the units digit of 231?
1
What is the hundreds digit of 1700?
7
What is the tens digit of 894?
9
What is the hundreds digit of 15406?
4
What is the thousands digit of 1115?
1
What is the hundreds digit of 602?
6
What is the tens digit of 29544?
4
What is the units digit of 1564?
4
What is the thousands digit of 5548?
5
What is the hundreds digit of 566?
5
What is the tens digit of 5961?
6
What is the hundreds digit of 13614?
6
What is the units digit of 2297?
7
What is the units digit of 8562?
2
What is the tens digit of 13615?
1
What is the thousands digit of 3480?
3
What is the tens digit of 9534?
3
What is the tens digit of 33081?
8
What is the units digit of 3724?
4
What is the units digit of 13281?
1
What is the thousands digit of 33235?
3
What is the tens digit of 1569?
6
What is the tens digit of 751?
5
What is the hundreds digit of 12569?
5
What is the units digit of 31129?
9
What is the units digit of 5409?
9
What is the units digit of 2813?
3
What is the hundreds digit of 534?
5
What is the tens digit of 70257?
5
What is the hundreds digit of 106?
1
What is the hundreds digit of 3947?
9
What is the tens digit of 86762?
6
What is the units digit of 8?
8
What is the hundreds digit of 7363?
3
What is the hundreds digit of 7380?
3
What is the units digit of 533?
3
What is the units digit of 70457?
7
What is the tens digit of 753?
5
What is the units digit of 49459?
9
What is the tens digit of 589?
8
What is the thousands digit of 13624?
3
What is the tens digit of 7847?
4
What is the hundreds digit of 750?
7
What is the thousands digit of 6226?
6
What is the thousands digit of 5783?
5
What is the units digit of 17377?
7
What is the thousands digit of 9282?
9
What is the hundreds digit of 1413?
4
What is the thousands digit of 1935?
1
What is the tens digit of 2272?
7
What is the hundreds digit of 454?
4
What is the tens digit of 946?
4
What is the units digit of 12362?
2
What is the t